{"id":1139,"date":"2019-06-18T14:40:25","date_gmt":"2019-06-18T12:40:25","guid":{"rendered":"http:\/\/feuerwehr-grosshansdorf.de\/wordpress\/?page_id=1139"},"modified":"2019-06-26T12:53:59","modified_gmt":"2019-06-26T10:53:59","slug":"foerdernde-mitgliedschaft","status":"publish","type":"page","link":"https:\/\/feuerwehr-grosshansdorf.de\/wordpress\/foerdernde-mitgliedschaft\/","title":{"rendered":"F\u00f6rdernde Mitgliedschaft"},"content":{"rendered":"\n<p>Sie wollen den Brandschutz in unsere Waldgemeinde unterst\u00fctzen?<br>Dann werden Sie f\u00f6rderndes Mitglied und unterst\u00fctzen Sie die Einsatzabteilung.<\/p>\n\n\n\n<p>F\u00fcllen Sie hierzu bitte den <a href=\"https:\/\/feuerwehr-grosshansdorf.de\/wordpress\/wp-content\/uploads\/2019\/06\/Antragsformular-f\u00fcr-F\u00f6rdernde-Mitglieder.pdf\" target=\"_blank\" rel=\"noreferrer noopener\" aria-label=\"Aufnahmeantrag (\u00f6ffnet in neuem Tab)\">Aufnahmeantrag<\/a> aus und schicken Sie ihn an:<\/p>\n\n\n\n<p>Freiwillige Feuerwehr Gro\u00dfhansdorf<br>W\u00f6hrendamm 39<br>22972 Gro\u00dfhansdorf.<\/p>\n\n\n\n<div class=\"wp-block-file\"><a href=\"https:\/\/feuerwehr-grosshansdorf.de\/wordpress\/wp-content\/uploads\/2019\/06\/Antragsformular-f\u00fcr-F\u00f6rdernde-Mitglieder.pdf\">Antragsformular-f\u00fcr-F\u00f6rdernde-Mitglieder<\/a><a href=\"https:\/\/feuerwehr-grosshansdorf.de\/wordpress\/wp-content\/uploads\/2019\/06\/Antragsformular-f\u00fcr-F\u00f6rdernde-Mitglieder.pdf\" class=\"wp-block-file__button\" download>Herunterladen<\/a><\/div>\n\n\n\n<p><\/p>\n","protected":false},"excerpt":{"rendered":"<p>Sie wollen den Brandschutz in unsere Waldgemeinde unterst\u00fctzen?Dann werden Sie f\u00f6rderndes Mitglied und unterst\u00fctzen Sie&#8230;<\/p>\n","protected":false},"author":4,"featured_media":0,"parent":0,"menu_order":0,"comment_status":"closed","ping_status":"closed","template":"","meta":{"_mc_calendar":[],"footnotes":""},"class_list":["post-1139","page","type-page","status-publish","hentry"],"_links":{"self":[{"href":"https:\/\/feuerwehr-grosshansdorf.de\/wordpress\/wp-json\/wp\/v2\/pages\/1139","targetHints":{"allow":["GET"]}}],"collection":[{"href":"https:\/\/feuerwehr-grosshansdorf.de\/wordpress\/wp-json\/wp\/v2\/pages"}],"about":[{"href":"https:\/\/feuerwehr-grosshansdorf.de\/wordpress\/wp-json\/wp\/v2\/types\/page"}],"author":[{"embeddable":true,"href":"https:\/\/feuerwehr-grosshansdorf.de\/wordpress\/wp-json\/wp\/v2\/users\/4"}],"replies":[{"embeddable":true,"href":"https:\/\/feuerwehr-grosshansdorf.de\/wordpress\/wp-json\/wp\/v2\/comments?post=1139"}],"version-history":[{"count":5,"href":"https:\/\/feuerwehr-grosshansdorf.de\/wordpress\/wp-json\/wp\/v2\/pages\/1139\/revisions"}],"predecessor-version":[{"id":1198,"href":"https:\/\/feuerwehr-grosshansdorf.de\/wordpress\/wp-json\/wp\/v2\/pages\/1139\/revisions\/1198"}],"wp:attachment":[{"href":"https:\/\/feuerwehr-grosshansdorf.de\/wordpress\/wp-json\/wp\/v2\/media?parent=1139"}],"curies":[{"name":"wp","href":"https:\/\/api.w.org\/{rel}","templated":true}]}}