{"id":4391,"date":"2023-03-08T19:14:56","date_gmt":"2023-03-08T18:14:56","guid":{"rendered":"https:\/\/feuerwehr-grosshansdorf.de\/wordpress\/?page_id=4391"},"modified":"2023-03-27T17:04:10","modified_gmt":"2023-03-27T15:04:10","slug":"orchester-historie-2011-2020","status":"publish","type":"page","link":"https:\/\/feuerwehr-grosshansdorf.de\/wordpress\/orchester-historie-2011-2020\/","title":{"rendered":"Orchester-Historie 2011-2020"},"content":{"rendered":"\n<p class=\"has-large-font-size\"><strong>2011<\/strong><\/p>\n\n\n\n<p>In diesem Jahr waren zum ersten Mal einige unserer Nachwuchsmusiker beim Neujahrskonzert dabei.<\/p>\n\n\n\n<figure class=\"wp-block-image size-large is-resized\"><img loading=\"lazy\" decoding=\"async\" src=\"https:\/\/feuerwehr-grosshansdorf.de\/wordpress\/wp-content\/uploads\/2023\/03\/aIMG_2820-1024x372.jpg\" alt=\"\" class=\"wp-image-4428\" width=\"840\" height=\"305\" srcset=\"https:\/\/feuerwehr-grosshansdorf.de\/wordpress\/wp-content\/uploads\/2023\/03\/aIMG_2820-1024x372.jpg 1024w, https:\/\/feuerwehr-grosshansdorf.de\/wordpress\/wp-content\/uploads\/2023\/03\/aIMG_2820-300x109.jpg 300w, https:\/\/feuerwehr-grosshansdorf.de\/wordpress\/wp-content\/uploads\/2023\/03\/aIMG_2820-768x279.jpg 768w, https:\/\/feuerwehr-grosshansdorf.de\/wordpress\/wp-content\/uploads\/2023\/03\/aIMG_2820-1536x558.jpg 1536w, https:\/\/feuerwehr-grosshansdorf.de\/wordpress\/wp-content\/uploads\/2023\/03\/aIMG_2820.jpg 2000w\" sizes=\"auto, (max-width: 840px) 100vw, 840px\" \/><\/figure>\n\n\n\n<p>Das Fr\u00fchjahrskonzert wurde unter dem Motto &#8222;Fantasia&#8220; ausgetragen. Dazu geh\u00f6rte unter anderem auch die Musik aus dem gleichnamigen Disneyfilm. <\/p>\n\n\n\n<p>Beim Herbstkonzert hatten wir das Orchester &#8222;Wind &amp; Brass&#8220; zu Gast.  <\/p>\n\n\n\n<p class=\"has-large-font-size\"><strong>2012<\/strong><\/p>\n\n\n\n<table class=\"has no-background\" style=\"border: 2px solid white;\"> \n\n<tbody><tr><td style=\"border: 2px solid white;\" width=\"400px\"><img decoding=\"async\" src=\"http:\/\/feuerwehr-grosshansdorf.de\/wordpress\/wp-content\/uploads\/2023\/03\/P1010864.jpg\" alt=\"\" style=\"width: 400px;\"><\/td><td style=\"border: 2px solid white;\">Nach dem Neujahrskonzert in Seth trauten wir uns direkt am Sonntag danach ein weiteres Konzert im Waldreitersaal zu spielen.<br>\u00dcberhaupt machten wir in diesem Jahr alles doppelt. So spielten wir ein Fr\u00fchjahrskonzert zusammen mit dem Musikzug aus Reinfeld im S\u00f6hringsaal in Ahrensburg und 14 Tage sp\u00e4ter ein weiteres im Forum mit dem Blasorchester aus Duvenstedt. Direkt danach geben wir unser R\u00fcckkonzert bei Wind&amp;Brass in Billstedt.<\/td><\/tr>\n<tr><td><img decoding=\"async\" \"=\"\" src=\"http:\/\/feuerwehr-grosshansdorf.de\/wordpress\/wp-content\/uploads\/2023\/03\/DSC_0179-scaled.jpg\" alt=\"\" style=\"width: 400px;\"><\/td><td style=\"border: 2px solid white;\">Im Juni trafen wir uns alle im Kletterpark in L\u00fctjensee zu abenteuerlichen Kletterpartien.<br>Zum Schleswig-Holstein-Tag spielten wir in Norderstedt im Bereich des Landesfeuerwehrverbandes. Im August vergn\u00fcgten wir uns auf einem Grillabend im Schulreservat.<\/td><\/tr>\n<tr><td style=\"border: 2px solid white;\"><img decoding=\"async\" src=\"http:\/\/feuerwehr-grosshansdorf.de\/wordpress\/wp-content\/uploads\/2023\/03\/DSC6063.jpg\" alt=\"\" style=\"width: 400px;\"><\/td><td style=\"border: 2px solid white;\">Im September spielten wir mit einer kleinen Besetzung im Landeshaus in Kiel auf der Feierstunde f\u00fcr die Ehrenamtler. Nach einem Probenwochenende in Scharbeutz waren wir fit f\u00fcr das Herbstkonzert unter dem Motto &#8222;Musik made in Germany &#8211; von Beethoven bis Bohlen&#8220;<\/td><\/tr>\n\n<\/tbody><\/table>\n\n\n\n<p class=\"has-large-font-size\"><strong>2013<\/strong><\/p>\n\n\n\n<table class=\"has no-background\" style=\"border: 2px solid white;\"> \n\n<tbody><tr><td style=\"border: 2px solid white;\" width=\"400px\"><img decoding=\"async\" src=\"http:\/\/feuerwehr-grosshansdorf.de\/wordpress\/wp-content\/uploads\/2023\/03\/P1020056.jpg\" alt=\"\" style=\"width: 400px;\"><\/td><td style=\"border: 2px solid white;\">Auch 2013 spielten wir nach dem Neujahrskonzert in Seth noch einmal im Waldreitersaal. <br> Draussen vor dem Saal spielten wir dann im Sommer zum Matjesfest des Lionsclubs (Foto) und zum Sommerzauber der Gemeinde<\/td><\/tr>\n<tr><td><img decoding=\"async\" \"=\"\" src=\"http:\/\/feuerwehr-grosshansdorf.de\/wordpress\/wp-content\/uploads\/2023\/03\/P1020168-scaled.jpg\" alt=\"\" style=\"width: 400px;\"><\/td><td style=\"border: 2px solid white;\">Auch noch im Juni wurde uns Hilke nach Hoisdorf weggeheiratet.<br>Ein weiterer Auftritt in Kiel f\u00fcr die Ehren\u00e4mtler folgte und ein Herbstkonzert mit dem Stadtorchester aus Reinbek im Forum. <\/td><\/tr>\n<tr><td style=\"border: 2px solid white;\"><img decoding=\"async\" src=\"http:\/\/feuerwehr-grosshansdorf.de\/wordpress\/wp-content\/uploads\/2023\/03\/P1020378-scaled.jpg\" alt=\"\" style=\"width: 400px;\"><\/td><td style=\"border: 2px solid white;\">Anfang November machten wir uns auf den Weg in den tiefen Osten. Wir waren eingeladen zum Herbstkonzert der Blasmusik in Markneukirchen. Neben dem Konzert war auch das Rahmenprogramm in der Stadt der Instrumentenbauer ein Erlebnis.<br> Heiligabend wurde dann zum wiederholten Mal von Alex dirigiert.<\/td><\/tr>\n\n<\/tbody><\/table>\n\n\n\n<p class=\"has-large-font-size\"><strong>2014<\/strong><\/p>\n\n\n\n<table class=\"has no-background\" style=\"border: 2px solid white;\"> \n\n<tbody><tr><td style=\"border: 2px solid white;\" width=\"400px\"><img decoding=\"async\" src=\"http:\/\/feuerwehr-grosshansdorf.de\/wordpress\/wp-content\/uploads\/2023\/03\/IMG_6308-scaled.jpg\" alt=\"\" style=\"width: 400px;\"><\/td><td style=\"border: 2px solid white;\">Auf dem Neujahrskonzert 2014 hatten wir hohen Besuch. Neben dem Landtagspr\u00e4sidenten Klaus Schlie beehrte uns auch der Ministerpr\u00e4sident Torsten Albig.<br>Auch in diesem Jahr lie\u00dfen wir ein Neujahrskonzert im Waldreitersaal folgen.<br>Beim Fr\u00fchjahrskonzert hatten wir das Blasorchester aus Seevetal zu Gast. Ein Auftritt bei der Feuerwehr in Glinde und das Matjesfest folgten.<\/td><\/tr>\n<tr><td><img decoding=\"async\" \"=\"\" src=\"http:\/\/feuerwehr-grosshansdorf.de\/wordpress\/wp-content\/uploads\/2023\/03\/K1600_P1020702.jpg\" alt=\"\" style=\"width: 400px;\"><\/td><td style=\"border: 2px solid white;\">Der Mitmachtag lie\u00df Musiker f\u00fcr einen Tag zu Feuerwehrm\u00e4nnern und-frauen werden. Sommerzauber und ein Ausflug der gesamtem Wehr nach Trappenkamp folgten.<br>auch ein Probenwochenende in Scharbeutz war wieder im Programm sowie noch einmal ein Auftritt beim Ehren\u00e4mtlertag in Kiel.<br><\/td><\/tr>\n<tr><td style=\"border: 2px solid white;\"><img decoding=\"async\" src=\"http:\/\/feuerwehr-grosshansdorf.de\/wordpress\/wp-content\/uploads\/2023\/03\/NVE00050.jpg\" alt=\"\" style=\"width: 400px;\"><\/td><td style=\"border: 2px solid white;\">Beim Herbstkonzert war &#8222;Let&#8217;s Dance&#8220; angesgt. Das Orchester spielte Tanzmusik aus verschiedenen Epochen und hatte sich Unterst\u00fctzung von verschiedenen T\u00e4nzern eingeladen.<\/td><\/tr>\n<tr><td style=\"border: 2px solid white;\"><img decoding=\"async\" src=\"http:\/\/feuerwehr-grosshansdorf.de\/wordpress\/wp-content\/uploads\/2023\/03\/PIMG_8566.jpg\" alt=\"\" style=\"width: 400px;\"><\/td><td style=\"border: 2px solid white;\">Einen Tag nach dem Laternenumzug war  unser erster Auftritt bei der Polizeishow in der vollen Kieler Ostseehalle der Jahresh\u00f6hepunkt.<br> Im Dezember spielten wir noch beim Heimatverein und wie gewohnt an Heiligabend.<\/td><\/tr>\n<\/tbody><\/table>\n\n\n\n<p class=\"has-large-font-size\"><strong>2015<\/strong><\/p>\n\n\n\n<table class=\"has no-background\" style=\"border: 2px solid white;\"> \n\n<tbody><tr><td style=\"border: 2px solid white;\" width=\"400px\"><img decoding=\"async\" src=\"http:\/\/feuerwehr-grosshansdorf.de\/wordpress\/wp-content\/uploads\/2023\/03\/IMG_5975-scaled-e1679405137770.jpg\" alt=\"\" style=\"width: 400px;\"><\/td><td style=\"border: 2px solid white;\">Das Jahr begann tr\u00e4nenreich mit einem Abschied. Unser Dirigent Dominik Fakler gab seine beiden letzten Konzerte und verabschiedete sich dann von seinem Amt. Auf dem Neujahrskonzert erhielt er noch f\u00fcr seine Verdienste um das Orchester und die Nachwuchsf\u00f6rderung einen Orden des Landesfeuerwehrverbandes \u00fcberreicht durch den Kreiswehrf\u00fchrer.<\/td><\/tr>\n<\/tbody><\/table>\n\n\n\n<figure class=\"wp-block-image size-large\"><img loading=\"lazy\" decoding=\"async\" width=\"1024\" height=\"320\" src=\"http:\/\/feuerwehr-grosshansdorf.de\/wordpress\/wp-content\/uploads\/2023\/03\/P1020678-scaled-e1679405512772-1024x320.jpg\" alt=\"\" class=\"wp-image-4474\" srcset=\"https:\/\/feuerwehr-grosshansdorf.de\/wordpress\/wp-content\/uploads\/2023\/03\/P1020678-scaled-e1679405512772-1024x320.jpg 1024w, https:\/\/feuerwehr-grosshansdorf.de\/wordpress\/wp-content\/uploads\/2023\/03\/P1020678-scaled-e1679405512772-300x94.jpg 300w, https:\/\/feuerwehr-grosshansdorf.de\/wordpress\/wp-content\/uploads\/2023\/03\/P1020678-scaled-e1679405512772-768x240.jpg 768w, https:\/\/feuerwehr-grosshansdorf.de\/wordpress\/wp-content\/uploads\/2023\/03\/P1020678-scaled-e1679405512772-1536x480.jpg 1536w, https:\/\/feuerwehr-grosshansdorf.de\/wordpress\/wp-content\/uploads\/2023\/03\/P1020678-scaled-e1679405512772-2048x640.jpg 2048w\" sizes=\"auto, (max-width: 1024px) 100vw, 1024px\" \/><figcaption class=\"wp-element-caption\">Im Waldreitersaal gab es dann am Tag darauf den letzten gemeinsamen Auftritt und dieses letzte gemeinsame Foto. Das Orchester w\u00fcnschte Dominik in seinem neuen Wirkungskreis alles Gute.<\/figcaption><\/figure>\n\n\n\n<table class=\"has no-background\" style=\"border: 2px solid white;\"> \n\n<tbody><tr><td style=\"border: 2px solid white;\" width=\"400px\"><img decoding=\"async\" src=\"http:\/\/feuerwehr-grosshansdorf.de\/wordpress\/wp-content\/uploads\/2023\/03\/hoisdorf044-scaled.jpg\" alt=\"\" style=\"width: 400px;\"><\/td><td style=\"border: 2px solid white;\">Es war nicht immer eitel Sonnenschein im Orchester. Die Suche nach einem neuen Dirigenten gestaltete sich schwierig. Als sich der Vorstand schlie\u00dflich auf Tanja Behnken als neue musikalische Leiterin festgelegt hatte, verlie\u00dfen einige Musikerinnen und Musiker aus Protest das Orchester. But, the show must go on! So dirigierte Tanja dann zum ersten Mal auf dem Dorffest in Oetjendorf<\/td><\/tr>\n<tr><td><img decoding=\"async\" \"=\"\" src=\"http:\/\/feuerwehr-grosshansdorf.de\/wordpress\/wp-content\/uploads\/2023\/03\/sommer018-scaled.jpg\" alt=\"\" style=\"width: 400px;\"><\/td><td style=\"border: 2px solid white;\">Es folgten Auftritte beim Matjesfest, bei einem Fr\u00fchschoppen in Witzhave und beim Sommerzauber der Gemeinde (Bild). Daneben organisierten wir auch noch eine Fahrradrallye f\u00fcr die gesamte Feuerwehr.<br>Einige Auftritte wurden noch von Alex dirigiert.<\/td><\/tr>\n<tr><td style=\"border: 2px solid white;\"><img decoding=\"async\" src=\"http:\/\/feuerwehr-grosshansdorf.de\/wordpress\/wp-content\/uploads\/2023\/03\/CIMG1924-scaled.jpg\" alt=\"\" style=\"width: 400px;\"><\/td><td style=\"border: 2px solid white;\">In Kiel durften wir diesmal beim Tag der offenen T\u00fcr des Landtages aufspielen. Ebenso spielten wir auf unserem eigen Tag der offenen T\u00fcr und in unserer Partnergemeinde Tessin. Auf einem Probenwochenende am Pl\u00f6ner See bereiteten wir uns dann auf das Herbstkonzert vor. <\/td><\/tr>\n<tr><td style=\"border: 2px solid white;\"><img decoding=\"async\" src=\"http:\/\/feuerwehr-grosshansdorf.de\/wordpress\/wp-content\/uploads\/2023\/03\/IMG_2625-scaled-e1679407373429.jpg\" alt=\"\" style=\"width: 400px;\"><\/td><td style=\"border: 2px solid white;\">Das Herbstkonzert stand unter dem Motto &#8222;Schlager&#8220;. Wir hatten den Oldiechor aus Glinde zu Gast und die Bl\u00e4serklassen des Gymnasiums spielten zur Einleitung.<br>Laternenumzug, Polizeishow in Kiel, ein Weihnachtsmarkt im Feuerwehrhaus und das Konzert an Heiligabend rundeten das Jahr ab.<\/td><\/tr>\n<\/tbody><\/table>\n\n\n\n<p class=\"has-large-font-size\"><strong>2016<\/strong><\/p>\n\n\n\n<table class=\"has no-background\" style=\"border: 2px solid white;\"> \n\n<tbody><tr><td style=\"border: 2px solid white;\" width=\"400px\"><img decoding=\"async\" src=\"http:\/\/feuerwehr-grosshansdorf.de\/wordpress\/wp-content\/uploads\/2023\/03\/snapshot_006.png\" alt=\"\" style=\"width: 400px;\"><\/td><td style=\"border: 2px solid white;\">Leider kam es Ende des letzten Jahres zur Trennung von unserer Dirigentin, so dass wir wieder einmal ohne F\u00fchrung waren. Alexander meisterte das Neujahrskonzert und wir beschlossen dann Thomas Keller als Interimsdirigenten zu verpflichten. Weil es ganz gut anlief, hielten wir dann an ihm fest. So dirigierte er dann das Fr\u00fchjahrskonzert (Wir hatten das &#8222;Akkordeonorchester Frohsinn&#8220; zu Gast) und zwei Zapfenstreiche mit dem Ahremsburger Spielmannszug.<\/td><\/tr>\n<tr><td><img decoding=\"async\" \"=\"\" src=\"http:\/\/feuerwehr-grosshansdorf.de\/wordpress\/wp-content\/uploads\/2023\/03\/musikzug018-e1679408635155.jpg\" alt=\"\" style=\"width: 400px;\"><\/td><td style=\"border: 2px solid white;\">Zwischen Matjesfest und Sommerzauber fiel nicht nur die geplante Radtour ins Wasser, sondern wir hatten das Fernsehen zu Gast. SAT 1 suchte den besten Feuerwehrmusikzug in Schleswig-Holstein und das Landesorchester musste f\u00fcr den Trailer herhalten. Am Wettbewerb beteiligten wir uns allerdings nicht.<\/td><\/tr>\n<tr><td style=\"border: 2px solid white;\"><img decoding=\"async\" src=\"http:\/\/feuerwehr-grosshansdorf.de\/wordpress\/wp-content\/uploads\/2023\/03\/IMG_6856.jpg\" alt=\"\" style=\"width: 400px;\"><\/td><td style=\"border: 2px solid white;\">Am &#8222;Mitmachtag&#8220; durften wir wieder einmal mit Wasser spielen.<br> Auf einem Probenwochenende bereiteten wir uns nicht nur auf unser Konzert vor sondern mit dem Musikzug Nortorf zusammen auch auf die n\u00e4chste Polizeishow. Eine Probe in Nortorf stand auch auf dem Programm.<br> Einen Auftritt in der Lungenclinic schoben wir auch noch ein.<\/td><\/tr>\n<tr><td style=\"border: 2px solid white;\"><img decoding=\"async\" src=\"http:\/\/feuerwehr-grosshansdorf.de\/wordpress\/wp-content\/uploads\/2023\/03\/konzert019-scaled-e1679409547647.jpg\" alt=\"\" style=\"width: 400px;\"><\/td><td style=\"border: 2px solid white;\">Das Herbstkonzert stand unter dem Motto &#8222;Filmmusik&#8220;. Die Polizeishow in Kiel folgte (bei der wir erstmals im Programm auftraten und nicht nur als Anheizer) sowie der Adventsbasar im FF-Haus und die Weihnachtsfeier des Heimatvereins. Nach dem Konzert an Heiligabend trafen wir uns auch noch einmal zu einer kleinen Feier an Silvester im Probenraum.<br><br><p><a href=\"https:\/\/feuerwehr-grosshansdorf.de\/offg\/Chroniken\/Chronik2016.mp4\" target=\"_blank\" rel=\"noreferrer noopener\">Hier ist die ausf\u00fchrliche Chronik von 2016 zu sehen<\/a><\/p><\/td><\/tr>\n<\/tbody><\/table>\n\n\n\n<p><strong>2017<\/strong><\/p>\n\n\n\n<table class=\"has no-background\" style=\"border: 2px solid white;\"> \n\n<tbody><tr><td style=\"border: 2px solid white;\" width=\"400px\"><img decoding=\"async\" src=\"http:\/\/feuerwehr-grosshansdorf.de\/wordpress\/wp-content\/uploads\/2023\/03\/snapshot_002-e1679489280416.png\" alt=\"\" style=\"width: 400px;\"><\/td><td style=\"border: 2px solid white;\">Das Neujahrskonzert entsprach im Wesentlichen dem vorhergehenden Herbstkonzert mit Filmmusik.Das Fr\u00fchjahrskonzert fand dann noch einmal im Eduard-S\u00f6hring-Saal in Ahrensburg statt. wir hatten den Musikzug aus Nortorf zu Gast.<\/td><\/tr>\n<tr><td><img decoding=\"async\" \"=\"\" src=\"http:\/\/feuerwehr-grosshansdorf.de\/wordpress\/wp-content\/uploads\/2023\/03\/20170422_095739-scaled.jpg\" alt=\"\" style=\"width: 400px;\"><\/td><td style=\"border: 2px solid white;\">Im April durften wir dann noch einmal auf der Versammlung des Kreisfeuerwehrverbandes spielen und einen der letzten Auftritte von MiniPr\u00e4 Torsten Albig genie\u00dfen.<br> Nach dem Sommerzauber durften wir das gesamte Inventar und Mobiliar im Probenraum von den W\u00e4nden abr\u00fccken, da in den Sommerferien das Dach der Schule renoviert wurde.<br>Der Tag der offen T\u00fcr folgte wie gewohnt<\/td><\/tr>\n<tr><td style=\"border: 2px solid white;\"><img decoding=\"async\" src=\"http:\/\/feuerwehr-grosshansdorf.de\/wordpress\/wp-content\/uploads\/2023\/03\/Unbenannt-2.jpg\" alt=\"\" style=\"width: 400px;\"><\/td><td style=\"border: 2px solid white;\">Auf einem Probenwochenende in Pl\u00f6n stimmten wir uns dann auf das geplante &#8222;Rockkonzert&#8220; ein.<br>Zuvor spielten wir jedoch noch einen Zapfenstreich in Nordstormarn.<\/td><\/tr>\n<tr><td style=\"border: 2px solid white;\"><img decoding=\"async\" src=\"http:\/\/feuerwehr-grosshansdorf.de\/wordpress\/wp-content\/uploads\/2023\/03\/orchester023-scaled.jpg\" alt=\"\" style=\"width: 400px;\"><\/td><td style=\"border: 2px solid white;\">Das Herbstkonzert stand unter dem Motto &#8222;Rockmusik&#8220;. Wir hatten uns daf\u00fcr mit der Band &#8222;Generations&#8220; zusammengetan und rockten den Saal.<\/td><\/tr>\n<tr><td style=\"border: 2px solid white;\"><img decoding=\"async\" src=\"http:\/\/feuerwehr-grosshansdorf.de\/wordpress\/wp-content\/uploads\/2023\/03\/Bauer-Polizeishow-2017-152.jpg\" alt=\"\" style=\"width: 400px;\"><\/td><td style=\"border: 2px solid white;\">Dann hie\u00df es f\u00fcr uns das letzte Mal &#8222;Polizeishow&#8220;. Wir spielten wieder mit den Nortorfern zusammen und lie\u00dfen mit Deep Purple die Halle beben.<br>Das Weihnachtskonzert beendete das Musikjahr<br><br><p><a href=\"https:\/\/feuerwehr-grosshansdorf.de\/offg\/Chroniken\/Chronik2017.mp4\" target=\"_blank\" rel=\"noreferrer noopener\">Hier ist die ausf\u00fchrliche Chronik von 2017 zu sehen<\/a><\/p><\/td><\/tr>\n<\/tbody><\/table>\n\n\n\n<p class=\"has-large-font-size\"><strong>2018<\/strong><\/p>\n\n\n\n<table class=\"has no-background\" style=\"border: 2px solid white;\"> \n\n<tbody><tr><td style=\"border: 2px solid white;\" width=\"400px\"><img decoding=\"async\" src=\"http:\/\/feuerwehr-grosshansdorf.de\/wordpress\/wp-content\/uploads\/2023\/03\/26854492_1726180564106234_2044640105_o.jpg\" alt=\"\" style=\"width: 400px;\"><\/td><td style=\"border: 2px solid white;\">Beim Neujahrskonzert wurde noch einmal gerockt.<br>Die Musikversammlung brachte dann die &#8222;Zeitenwende&#8220;. Nach zw\u00f6lf Jahren als Orchesterf\u00fchrer durfte Wolfgang nicht mehr antreten und das Orchester w\u00e4hlte Sabine und Daniela zur neuen F\u00fchrung.<br>Musikalisch ist in der ersten Jahresh\u00e4lfte nur noch die Versammlung des KFV zu nennen und ein Auftritt beim Jubil\u00e4um in Glinde<\/td><\/tr>\n<tr><td><img decoding=\"async\" \"=\"\" src=\"http:\/\/feuerwehr-grosshansdorf.de\/wordpress\/wp-content\/uploads\/2023\/03\/DSC00374-scaled.jpg\" alt=\"\" style=\"width: 400px;\"><\/td><td style=\"border: 2px solid white;\">Beim Jubil\u00e4um des Sozialverbandes in Seth spielten wir noch einmal Open Air.<br><\/td><\/tr>\n<tr><td style=\"border: 2px solid white;\"><img decoding=\"async\" src=\"http:\/\/feuerwehr-grosshansdorf.de\/wordpress\/wp-content\/uploads\/2023\/03\/IMG-20180831-WA0020.jpg\" alt=\"\" style=\"width: 400px;\"><\/td><td style=\"border: 2px solid white;\">Nach dem Tag der offenen T\u00fcr fuhren wir nach T\u00f6nning um uns auf das Herbstkonzert einzustimmen<\/td><\/tr>\n<tr><td style=\"border: 2px solid white;\"><img decoding=\"async\" src=\"http:\/\/feuerwehr-grosshansdorf.de\/wordpress\/wp-content\/uploads\/2023\/03\/konzert012-scaled.jpg\" alt=\"\" style=\"width: 400px;\"><\/td><td style=\"border: 2px solid white;\">Das Herbstkonzert stand unter dem Motto &#8222;Vive La France&#8220; und blau-wei\u00df-rot war angesagt<br>Ein Weihnachtsbasar und das Konzert an Heiligabend beschlossen das Jahr<br><br><p><a href=\"https:\/\/feuerwehr-grosshansdorf.de\/offg\/Chroniken\/Chronik2018.mp4\" target=\"_blank\" rel=\"noreferrer noopener\">Hier ist die ausf\u00fchrliche Chronik von 2018 zu sehen<\/a><\/p><\/td><\/tr>\n\n<\/tbody><\/table>\n\n\n\n<p class=\"has-large-font-size\"><strong>2019<\/strong><\/p>\n\n\n\n<table class=\"has no-background\" style=\"border: 2px solid white;\"> \n<tbody><tr><td style=\"border: 2px solid white;\" width=\"400px\"><img decoding=\"async\" src=\"http:\/\/feuerwehr-grosshansdorf.de\/wordpress\/wp-content\/uploads\/2023\/03\/Drehleiter006-scaled.jpg\" alt=\"\" style=\"width: 400px;\"><\/td><td style=\"border: 2px solid white;\">Das Neujahrskonzert war noch einmal franz\u00f6sisch angehaucht.<br>Im Januar erhielt dann die Feuerwehr ihre Drehleiter und wir spielten dazu.<\/td><\/tr>\n<tr><td><img decoding=\"async\" \"=\"\" src=\"http:\/\/feuerwehr-grosshansdorf.de\/wordpress\/wp-content\/uploads\/2023\/03\/lebu.jpg&quot;\" alt=\"\" style=\"width: 400px;\"><\/td><td style=\"border: 2px solid white;\">Im Fr\u00fchjahr hatten wir kurz nacheinander zwei schwere Verluste zu erleiden. Detlef Busch und Torsten Lewald verstarben viel zu fr\u00fch und hinterlie\u00dfen gro\u00dfe L\u00fccken<br><\/td><\/tr>\n<tr><td style=\"border: 2px solid white;\"><img decoding=\"async\" src=\"http:\/\/feuerwehr-grosshansdorf.de\/wordpress\/wp-content\/uploads\/2023\/03\/Orchester001-scaled.jpg\" alt=\"\" style=\"width: 400px;\"><\/td><td style=\"border: 2px solid white;\">Zum Fr\u00fchjahrskonzert besuchte uns Alex mit dem Blasorchester aus Handorf-Langenberg.<br> &#8222;Mehr Sicherheit in Gro\u00dfhansdorf&#8220; wurde von uns musikalisch unterst\u00fctzt ebenso wie der Lionsclub beim Matjesfest.<br>Auch beim Sommerzauber waren wir wieder dabei <\/td><\/tr>\n<tr><td style=\"border: 2px solid white;\"><img decoding=\"async\" src=\"http:\/\/feuerwehr-grosshansdorf.de\/wordpress\/wp-content\/uploads\/2023\/03\/IMG_2786-scaled.jpg\" alt=\"\" style=\"width: 400px;\"><\/td><td style=\"border: 2px solid white;\">Im August besuchten wir dann die Freunde aus Handorf-Langenberg und verbrachten dort ein tolles Wochenende.<br>Laterne laufen und Advents- und Weihnachtskonzerte rundeten das Jahr ab<br><br><p><a href=\"https:\/\/feuerwehr-grosshansdorf.de\/offg\/Chroniken\/Chronik2019.mp4\" target=\"_blank\" rel=\"noreferrer noopener\">Hier ist die ausf\u00fchrliche Chronik von 2019 zu sehen<\/a><\/p><\/td><\/tr>\n<\/tbody><\/table>\n\n\n\n<p class=\"has-large-font-size\"><strong>2020<\/strong><\/p>\n\n\n\n<table class=\"has no-background\" style=\"border: 2px solid white;\"> \n<tbody><tr><td style=\"border: 2px solid white;\" width=\"400px\"><img decoding=\"async\" src=\"http:\/\/feuerwehr-grosshansdorf.de\/wordpress\/wp-content\/uploads\/2023\/03\/xIMG_6745-scaled.jpg\" alt=\"\" style=\"width: 400px;\"><\/td><td style=\"border: 2px solid white;\">Das neue Jahr begann noch hoffnungsfroh. Nachdem Thomas Keller sich Ende des Jahres vom Orchester verabschiedet hatte, war es an Torsten das Neujahrskonzert zu leiten. Er tat das mit Bravour, ebenso wie das folgende Neujahrskonzert in Gro\u00dfhansdorf.<br> Danach war erstmal Schluss mit Musik, Corona schlug zu.<br> Musik fand zun\u00e4chst nur noch drau\u00dfen statt.<\/td><\/tr>\n<tr><td><img decoding=\"async\" \"=\"\" src=\"http:\/\/feuerwehr-grosshansdorf.de\/wordpress\/wp-content\/uploads\/2023\/03\/xsnapshot_003.png&quot;\" alt=\"\" style=\"width: 400px;\"><\/td><td style=\"border: 2px solid white;\">Peter W\u00fcst lie\u00df Torsten und Stafan auf Drehleitern steigen und die Ode an die Freude spielen.<br>Ein neuer Dirigent kam und verschwand sofort wieder.<br> Die Proben wurden nach drau\u00dfen verlagert auf das alte ReHa-Gel\u00e4nde. Zun\u00e4chst \u00fcbernahm Torsten die Proben<\/td><\/tr>\n<tr><td style=\"border: 2px solid white;\"><img decoding=\"async\" src=\"http:\/\/feuerwehr-grosshansdorf.de\/wordpress\/wp-content\/uploads\/2023\/03\/20200619_194810-scaled.jpg\" alt=\"\" style=\"width: 400px;\"><\/td><td style=\"border: 2px solid white;\">Solange es ging probten wir drau\u00dfen. Sp\u00e4ter kurzzeitig im Bauhof in Siek und schlie\u00dflich im Waldreitersaal. Immer darauf achtend, dass die Abst\u00e4nde gewahrt blieben. Inzwischen wurde mit Maximilian Gillmeister auch ein neuer Dirigent gefunden.<\/td><\/tr>\n<tr><td style=\"border: 2px solid white;\"><img decoding=\"async\" src=\"http:\/\/feuerwehr-grosshansdorf.de\/wordpress\/wp-content\/uploads\/2023\/03\/20201016_173946-scaled.jpg\" alt=\"\" style=\"width: 400px;\"><\/td><td style=\"border: 2px solid white;\">Ein kurzes Aufflackern der Hoffnung lie\u00df uns in Travem\u00fcnde spielen, Rosenhof und Br\u00fcggmann-Garten. Auch ein Auftritt in Seth beim Sozialverband war noch m\u00f6glich.<br> Die Hochzeit von Daniela und Felix bildete dann aber endg\u00fcltig den musikalischen Abschluss. <br> Adventslieder und Weihnachtsmusik blieben in der Notentasche.<br><br><p><a href=\"https:\/\/feuerwehr-grosshansdorf.de\/offg\/Chroniken\/Chronik2020.mp4\" target=\"_blank\" rel=\"noreferrer noopener\">Hier ist die ausf\u00fchrliche Chronik von 2020 zu sehen<\/a><\/p><\/td><\/tr>\n<\/tbody><\/table>\n\n\n\n<p><a href=\"https:\/\/feuerwehr-grosshansdorf.de\/wordpress\/orchester-historie-2001-2010\/\">2001-2010<\/a>    <a href=\"https:\/\/feuerwehr-grosshansdorf.de\/wordpress\/orchester-historie-2021-2030\/\">2021-2030<\/a><\/p>\n\n\n\n<figure class=\"wp-block-image alignright\"><img decoding=\"async\" src=\"http:\/\/feuerwehr-grosshansdorf.de\/wordpress\/wp-content\/uploads\/2019\/05\/noben.gif\" alt=\"\"\/><\/figure>\n","protected":false},"excerpt":{"rendered":"<p>2011 In diesem Jahr waren zum ersten Mal einige unserer Nachwuchsmusiker beim Neujahrskonzert dabei. Das&#8230;<\/p>\n","protected":false},"author":1,"featured_media":0,"parent":0,"menu_order":0,"comment_status":"closed","ping_status":"closed","template":"","meta":{"_mc_calendar":[],"footnotes":""},"class_list":["post-4391","page","type-page","status-publish","hentry"],"_links":{"self":[{"href":"https:\/\/feuerwehr-grosshansdorf.de\/wordpress\/wp-json\/wp\/v2\/pages\/4391","targetHints":{"allow":["GET"]}}],"collection":[{"href":"https:\/\/feuerwehr-grosshansdorf.de\/wordpress\/wp-json\/wp\/v2\/pages"}],"about":[{"href":"https:\/\/feuerwehr-grosshansdorf.de\/wordpress\/wp-json\/wp\/v2\/types\/page"}],"author":[{"embeddable":true,"href":"https:\/\/feuerwehr-grosshansdorf.de\/wordpress\/wp-json\/wp\/v2\/users\/1"}],"replies":[{"embeddable":true,"href":"https:\/\/feuerwehr-grosshansdorf.de\/wordpress\/wp-json\/wp\/v2\/comments?post=4391"}],"version-history":[{"count":59,"href":"https:\/\/feuerwehr-grosshansdorf.de\/wordpress\/wp-json\/wp\/v2\/pages\/4391\/revisions"}],"predecessor-version":[{"id":4637,"href":"https:\/\/feuerwehr-grosshansdorf.de\/wordpress\/wp-json\/wp\/v2\/pages\/4391\/revisions\/4637"}],"wp:attachment":[{"href":"https:\/\/feuerwehr-grosshansdorf.de\/wordpress\/wp-json\/wp\/v2\/media?parent=4391"}],"curies":[{"name":"wp","href":"https:\/\/api.w.org\/{rel}","templated":true}]}}